 - b = p + 8, -3*p = -5*b + 11. Suppose 6 = q + 3*m - 30, 0 = -4*q - 4*m + 168. Suppose q = 2*n + p*n. List the prime factors of n.
3
Suppose h - 287 = -5*q, 1435 = 5*h - 3*q + 4*q. What are the prime factors of h?
7, 41
Let u = 310 + 226. List the prime factors of u.
2, 67
List the prime factors of -2 + 13/5 - (-428409)/135.
2, 3, 23
Let c = 52 - 49. Suppose -m - 5*k + 70 = 0, -5*k + 199 = c*m - k. List the prime factors of m.
5, 13
Let w(a) = a + 1. Let h(o) = -2*o - 2. Let u(t) = 4*h(t) + 7*w(t). Let p be u(2). Let s = p - -10. List the prime factors of s.
7
List the prime factors of 25853/103 + 1 + 5.
257
Let m(w) = 3*w**2 - w + 15. What are the prime factors of m(9)?
3, 83
Suppose 2*y + 4*t = -0*y + 100, -5*y + 3*t = -289. List the prime factors of y.
2, 7
Suppose -5*n = -4*r - 45, -2*r + 15 = 5*n - 0*r. Suppose -16 = -n*d + d. List the prime factors of 278/12 + d/(-24).
23
Let a(r) = r**3 - 5*r**2 - 7*r + 4. Let f be a(6). Let u(d) = -d**3 - d**2 + 3*d + 2. Let w be u(f). Let s = 11 + w. What are the prime factors of s?
11
Let d(p) = -p**2 + 15*p - 29. Let z be d(11). Suppose 0 = -5*q - z, 2*j + 3*q = q + 242. List the prime factors of j.
2, 31
Suppose 0 = -a - 4*x + 11, 3*a - 3*x - 77 = a. Let o = a - 88. Let k = 101 + o. What are the prime factors of k?
2, 11
Let u(n) = 5*n**3 + 5*n - 7. Let q be u(3). Let i = 228 - q. What are the prime factors of i?
5, 17
List the prime factors of 2/(4 - 2) + 3 - -778.
2, 17, 23
Let c = 253 - -405. List the prime factors of c.
2, 7, 47
Let n = -1595 - -2295. What are the prime factors of n?
2, 5, 7
List the prime factors of ((-36)/(-27))/(-1 - 820/(-816)).
2, 17
Let g = 16 + -14. Let o(x) = -6*x**3 + 5*x**2 + x + 15. Let u(b) = b**3 - b**2 - 3. Let d(k) = -2*o(k) - 11*u(k). List the prime factors of d(g).
11
Let d(o) = 23*o**2 - o + 1. Let k be d(1). Let n = k - 50. Let u = -12 - n. What are the prime factors of u?
3, 5
Let z(d) = 13*d - 1. Let u be z(7). Suppose 7*s - u = 2*s. Suppose 2 - s = -4*v. What are the prime factors of v?
2
Suppose 0 = -6*x - 31 - 29. What are the prime factors of 35*2 + x/5?
2, 17
Suppose 0 = 3*i - 5*j - 8 + 150, 0 = -4*i + j - 178. Let l = -10 - i. What are the prime factors of l?
2, 17
Suppose -5*v + 8856 = 2*f, -19*f - 7092 = -4*v - 17*f. What are the prime factors of v?
2, 443
Let t(d) = d**2 - 10*d + 12. Let i be t(9). Let z be i - (3 + 6*3). Let j = -15 - z. What are the prime factors of j?
3
Suppose -32 = -8*h + 10*h. Let r = 34 + h. Let d = 52 - r. List the prime factors of d.
2, 17
Let h be 3 - (6 - 1) - -65. List the prime factors of 14/h + 248/18.
2, 7
Let n(f) = -f**2 + 25*f - 36. List the prime factors of n(23).
2, 5
Let b = 54 + -39. Suppose b = 5*v, v + 25 = 2*c - 34. List the prime factors of c.
31
Let y(j) = -2*j - 6. Let n be y(-4). Suppose -6*i - 12 = -n*i. Let v = -1 - i. What are the prime factors of v?
2
Let p(t) = -11*t - 7. Let j be (-5 - 1) + (11 - 7). What are the prime factors of p(j)?
3, 5
Suppose -5*f - 761 + 3581 = -5*u, 4*u = -20. List the prime factors of f.
13, 43
Let o(n) = n**3 - 2*n**2 + 11*n + 22. What are the prime factors of o(9)?
2, 43
Let o be (-4)/14 + (-5696)/56. Let c = o - -158. What are the prime factors of c?
2, 7
Suppose 94 = 18*n - 1076. List the prime factors of n.
5, 13
Let l = -562 + 1093. What are the prime factors of l?
3, 59
List the prime factors of 9/(-2)*2/6*-400.
2, 3, 5
Let x = -815 + 1541. What are the prime factors of x?
2, 3, 11
Suppose -5 = -2*w - v, 6 = -0*v - 2*v. Suppose -4*x + 35 = -3*l + w, -3*x = -12. Let u(q) = -3*q - 9. What are the prime factors of u(l)?
2, 3
Suppose -506*y - 3402 = -513*y. List the prime factors of y.
2, 3
Suppose -5*c + 5*f + 5780 = 0, 85*c = 89*c + f - 4639. List the prime factors of c.
19, 61
Let c be (-50)/4 + (-5)/(-10). Let m be 3/(-9) + (-280)/c. Suppose 6*q - m = 31. What are the prime factors of q?
3
Let d(n) = -24*n**3. Let x be d(-1). Let f = 49 - x. List the prime factors of f.
5
Suppose 4*p + 1061 = u, 16*p - 19*p + 1026 = u. List the prime factors of u.
3, 347
What are the prime factors of -6*11820/(-16) + (-99)/(-66)?
2, 3, 739
Let x be 3*-15*(-22)/18. Suppose -113 = -5*r + 4*a, 4*a - x = -2*r - r. Suppose -m - 1 = t - 5, 4*m - r = -3*t. What are the prime factors of m?
3
List the prime factors of (-2)/(-3) + 11/(132/77152).
2, 5, 643
Let o be 1/(-2*(-5)/(-380)). Let q = 41 - o. What are the prime factors of q?
79
Suppose -8*l + 60 = -13*l. List the prime factors of 49/4 - (-3)/l.
2, 3
Suppose 0 = -3*b + 31 + 194. Suppose -35*f + b = -32*f. List the prime factors of f.
5
Let h(s) = -s**2 + 14*s - 3. Let x be h(14). List the prime factors of (-297)/x*(-4)/(-4 + 0).
3, 11
List the prime factors of (8 - 7)*(1 + 1338).
13, 103
Suppose -3*h + 20 - 2 = 0. Let a = h + -1. Suppose -a + 0 = -d. What are the prime factors of d?
5
Let u(z) = 2*z**2 + z. Let a be u(3). Let p = a + -17. Let m(k) = 3*k**2 - 3*k. What are the prime factors of m(p)?
2, 3
Let p(t) = 58*t**3 + 7*t**2 - 32*t - 16. List the prime factors of p(4).
2, 5, 23
What are the prime factors of -4 + (5599/110 - (-1)/10)?
47
Let o = -8 - -10. Let z be 5 - (o + 0) - -3. Suppose -z - 7 = -j. What are the prime factors of j?
13
Let o = 462 + -78. List the prime factors of o.
2, 3
Let o = 47 + -3. Let d = o + 31. What are the prime factors of d?
3, 5
Let n = 13 + -9. Suppose -89 = -4*g + 2*u + 149, -g + n*u + 49 = 0. What are the prime factors of g?
61
List the prime factors of 8496/22 - (-42)/(-231).
2, 193
Suppose -k = 5*x + 3*k + 182, -k = 3*x + 105. Let a be 6 - 18*8/16. Let i = a - x. What are the prime factors of i?
31
Let v = -27 + 38. Suppose -26 = -0*c - c - 4*d, -c + d + v = 0. Let a = c + 0. What are the prime factors of a?
2, 7
List the prime factors of ((227/(-3))/1)/(28/(-84)).
227
Suppose 2*j - 60 = -3*j. Suppose -2*g + j = -4*g + s, -24 = 5*g - 4*s. Let v(y) = -y + 4. What are the prime factors of v(g)?
2, 3
Suppose -c = 5*b + 25, 5*c - c + 4*b = -36. Let o be 7 - (-4 - (-3 + c)). Suppose 2*p + o = 11. What are the prime factors of p?
2
Suppose -5*z - 4*f + 2677 = 0, -z - 7*f + 11*f = -545. List the prime factors of z.
3, 179
Let s(i) be the third derivative of -i**6/48 - i**5/40 - i**4/3 + 2*i**2. Let m(f) be the second derivative of s(f). List the prime factors of m(-5).
2, 3
Let a be (-1)/(-1) - 3 - (1 + -365). Suppose 3*f - a = -5. List the prime factors of f.
7, 17
Let d(v) = -12*v - 2. Let u(p) = -p**3 - 13*p**2 - 16*p + 12. Let q be u(-12). Let o be (-8)/q*3*5. What are the prime factors of d(o)?
2, 11
Suppose 0 = -4*l - 0*l + 32. Let z = l - 6. Suppose -4*u - 2*f + 16 = 0, z*u - 3 = 4*f + 5. List the prime factors of u.
2
Let u be 5 - (-1 - (-4)/4). Suppose -315 = -u*y - 5*m, -4*y + 27 = 2*m - 235. Suppose 3*p - y = -11. What are the prime factors of p?
19
Let j(k) = 2*k - 1. Let c be j(-4). Let a = c + 11. List the prime factors of (4/a - 3) + 24.
23
Let q(r) = 6*r**2 - 10*r + 44. List the prime factors of q(-9).
2, 5, 31
What are the prime factors of 532 + -9*(-7)/(-21)?
23
Let z be ((-1)/2)/(1/32). Let y be (2 - -1) + (-44)/4. Let o = y - z. What are the prime factors of o?
2
Suppose 0*h - 3*h + 3 = 0, c - h = 106. Suppose -2*p = -5*j - c - 80, 4*p - j = 419. Suppose o + v = 26, -7*o + v = -2*o - p. List the prime factors of o.
2, 11
Suppose 5*f + 0*f - 15 = 0. Let o be f/(-4) + 106/(-8). List the prime factors of (-2 - o/(-4))*-2.
11
Let n be 1*(72/20 + 9/(-15)). Suppose -2*k = -p + 146 - 10, -3*k - 402 = -n*p. List the prime factors of p.
2, 3, 11
Let a(y) = -y**3 - 18*y**2 + 31*y + 50. Let t be a(-20). Suppose -897 = -7*h + t. List the prime factors of h.
7, 23
Let u(d) = -10*d - 17. Suppose 2*f = q - 0*q - 16, 0 = -2*f + 4*q - 22. List the prime factors of u(f).
53
Suppose 962*s + 2438 = 963*s. List the prime factors of s.
2, 23, 53
Let u be (-3)/((-30)/4634) - (-56)/(-140). Let g = 654 - u. What are the prime factors of g?
191
Let j = -227 + 740. Let r = -330 + j. What are the prime factors of r?
3, 61
Suppose 9*t - 2485 - 2222 = 0. What are the prime factors of t?
523
Let w(o) = o**3 - 5*o**2 - 2*o + 10. Let t be w(5). Suppose 6*c - c - 3*v - 147 = t, -v + 91 = 3*c. What are the prime factors of c/(4 + -3 + 0)?
2, 3, 5
Suppose 0 = -14*p + 2925 - 111. What are the prime factors of p?